8224
-2205 (base 6) to base 3
-200212
Convert 100100011 (base 3) to base 11.
512a
Convert 33014 (base 7) to base 5.
230433
32022 (base 4) to base 10
906
What is -16613 (base 11) in base 4?
-11231013
Convert 220 (base 13) to base 10.
364
Convert -1b4f (base 16) to base 6.
-52211
Convert -3ad4 (base 14) to base 5.
-313003
-20212201 (base 3) to base 2
-1001110010110
-15c4 (base 14) to base 15
-124b
9715 (base 10) to base 6
112551
Convert 1606 (base 9) to base 3.
1200020
-23312 (base 4) to base 12
-532
-d39 (base 15) to base 14
-112b
What is -1bc4 (base 13) in base 2?
-1000001111000
What is -1203 (base 5) in base 16?
-b2
What is -1467 (base 14) in base 5?
-103434
Convert 4aa9 (base 16) to base 6.
224253
133110 (base 6) to base 13
5814
What is 100110110111101 (base 2) in base 13?
909b
311 (base 14) to base 8
1133
Convert -7202 (base 8) to base 4.
-322002
-212 (base 10) to base 6
-552
Convert 2735 (base 12) to base 5.
121010
-2651 (base 7) to base 3
-1101122
What is 720 (base 14) in base 11?
1063
1334 (base 7) to base 8
1003
What is 3506 (base 8) in base 4?
131012
What is 53060 (base 7) in base 12?
7698
What is 101220012 (base 3) in base 2?
1111100000111
2814 (base 9) to base 5
31434
-dbb (base 14) to base 11
-2047
12612 (base 7) to base 15
1010
Convert 53043 (base 6) to base 15.
21c0
1305 (base 10) to base 7
3543
Convert 164 (base 9) to base 8.
213
Convert 210221 (base 4) to base 3.
10012212
Convert -3523 (base 13) to base 16.
-1d29
What is -2f1 (base 16) in base 12?
-529
-454 (base 11) to base 14
-2ab
-525 (base 7) to base 3
-100210
Convert -1604 (base 7) to base 15.
-2cb
Convert -2482 (base 9) to base 5.
-24411
What is 100010100011010 (base 2) in base 12?
a2a2
What is -12405 (base 7) in base 15?
-e93
What is 82a (base 14) in base 5?
22411
10424 (base 5) to base 4
23203
What is 279 (base 14) in base 11?
414
Convert -2c6 (base 16) to base 9.
-868
Convert -204103 (base 5) to base 16.
-1a7a
-1e7b (base 15) to base 3
-100002222
What is -373 (base 16) in base 7?
-2401
Convert 12d4 (base 16) to base 14.
1a84
What is 5284 (base 11) in base 5?
210424
-10210121 (base 3) to base 5
-42040
What is -cfc (base 16) in base 4?
-303330
What is -5132 (base 7) in base 4?
-123323
Convert -40633 (base 7) to base 2.
-10011011000010
What is -815 (base 10) in base 13?
-4a9
Convert -6357 (base 10) to base 2.
-1100011010101
-2dad (base 16) to base 10
-11693
11001001 (base 2) to base 11
173
Convert -4414 (base 9) to base 4.
-302311
What is 223 (base 6) in base 2?
1010111
Convert -c7a0 (base 13) to base 7.
-143456
Convert -1114121 (base 5) to base 11.
-13a61
What is -125343 (base 6) in base 4?
-2310333
Convert 121010010 (base 3) to base 4.
2313210
What is -11210 (base 3) in base 11?
-108
What is 30132 (base 4) in base 12?
566
Convert 354 (base 10) to base 6.
1350
Convert 145 (base 15) to base 3.
101202
-118 (base 13) to base 16
-be
127 (base 11) to base 8
226
Convert 1117 (base 9) to base 2.
1100111010
What is 1972 (base 11) in base 5?
34444
What is 1000120 (base 3) in base 15?
349
What is -21321 (base 4) in base 7?
-1563
Convert -63 (base 13) to base 6.
-213
Convert 893 (base 10) to base 6.
4045
Convert 32b9 (base 13) to base 10.
7081
What is -5ff (base 16) in base 4?
-113333
-113314 (base 5) to base 15
-13a9
What is -11012 (base 4) in base 9?
-402
242213 (base 7) to base 11
30081
Convert 123100 (base 4) to base 8.
3320
What is 111101010000 (base 2) in base 15?
1265
Convert -376 (base 8) to base 3.
-100102
-11121 (base 5) to base 16
-312
What is 711 (base 8) in base 4?
13021
4186 (base 13) to base 3
110102211
Convert 267 (base 10) to base 11.
223
-b5d1 (base 15) to base 14
-10022
Convert -961c (base 13) to base 5.
-1131222
Convert 121010220 (base 3) to base 11.
892a
24425 (base 6) to base 7
13355
Convert 1000210 (base 3) to base 13.
459
Convert 3334 (base 6) to base 13.
47b
Convert -52574 (base 8) to base 9.
-33015
What is 855 (base 13) in base 16?
58e
What is 230 (base 13) in base 4?
11321
-200212 (base 3) to base 4
-13331
What is 152455 (base 6) in base 8?
35023
-37539 (base 11) to base 15
-10e77
What is 3325 (base 11) in base 8?
10437
-6516 (base 7) to base 14
-bb6
-120211 (base 3) to base 8
-653
What is 39 (base 10) in base 3?
1110
Convert -1099 (base 11) to base 8.
-2637
Convert 335 (base 7) to base 2.
10101101
What is -11222 (base 3) in base 7?
-251
What is 1010101001111 (base 2) in base 8?
12517
Convert 4336 (base 7) to base 10.
1546
Convert -8c29 (base 14) to base 10.
-24341
Convert 2202224 (base 5) to base 12.
19a72
What is -15123 (base 8) in base 16?
-1a53
What is 742 (base 9) in base 13?
377
-1112124 (base 5) to base 15
-5c5e
What is 89 (base 12) in base 15?
70
What is -10000100101010100 (base 2) in base 4?
-100211110
What is -11312 (base 7) in base 11?
-21a7
What is b5 (base 12) in base 6?
345
Convert 3123213 (base 4) to base 5.
422210
Convert -133 (base 14) to base 7.
-463
100220 (base 3) to base 9
326
What is 747 (base 8) in base 13?
2b6
What is -1111000 (base 2) in base 10?
-120
-20977 (base 12) to base 5
-2332414
Convert 24320 (base 5) to base 3.
2111222
What is 3b2a (base 14) in base 11?
7919
Convert 16a6 (base 13) to base 16.
d13
-d1 (base 16) to base 6
-545
What is 51 (base 10) in base 3?
1220
Convert -414 (base 14) to base 13.
-499
Convert 5162 (base 10) to base 11.
3973
Convert 5815 (base 16) to base 10.
22549
-3221 (base 16) to base 15
-3c08
Convert -1d7 (base 16) to base 2.
-111010111
Convert -123020 (base 4) to base 2.
-11011001000
-11000001010111 (base 2) to base 5
-344000
What is -444 (base 14) in base 13?
-4cc
What is 753d (base 16) in base 5?
1430023
-102 (base 4) to base 7
-24
434424 (base 5) to base 13
6a90
-11001313 (base 4) to base 5
-1124344
What is -3e3 (base 16) in base 2?
-1111100011
Convert -2166 (base 10) to base 11.
-169a
What is -2724 (base 8) in base 3?
-2001021
-1222221020 (base 3) to base 15
-b9b3
7ee (base 15) to base 6
12155
What is 214 (base 12) in base 13?
1a5
Convert 40435 (base 7) to base 5.
303301
337 (base 8) to base 13
142
What is -abd (base 14) in base 8?
-4117
Convert 6619 (base 14) to base 11.
122a8
What is 3803 (base 12) in base 2?
1100011000011
Convert 221 (base 3) to base 4.
121
1313143 (base 5) to base 2
110010111000000
What is -972 (base 10) in base 5?
-12342
Convert -57b (base 12) to base 3.
-1010012
Convert -21130 (base 12) to base 2.
-1010100101110100
Convert -25651 (base 13) to base 16.
-10e43
What is 346 (base 15) in base 13?
450
What is 27b8 (base 13) in base 12?
3394
Convert -469 (base 10) to base 3.
-122101
What is 5a6 (base 13) in base 8?
1725
-1165 (base 8) to base 2
-1001110101
-3646 (base 9) to base 6
-20323
What is -13412 (base 6) in base 4?
-200300
What is 2431 (base 5) in base 6?
1410
-13016 (base 9) to base 6
-104323
-192 (base 14) to base 8
-504
4254 (base 8) to base 9
3036
Convert 886 (base 9) to base 16.
2d6
What is 1412 (base 14) in base 6?
24224
343 (base 5) to base 4
1202
-10112 (base 7) to base 9
-3332
What is -442 (base 10) in base 4?
-12322
452 (base 6) to base 10
176
Convert -112201020 (base 3) to base 11.
-8070
Convert 1203240 (base 6) to base 16.
f5e8
What is 10101 (base 4) in base 6?
1133
Convert -333112 (base 4) to base 7.
-14551
What is 11111101 (base 2) in base 10?
253
Convert 11753 (base 8) to base 3.
20222212
What is c041 (base 15) in base 13?
15601
What is -13ca (base 15) in base 5?
-113430
Convert 26d (base 14) to base 13.
2b8
4203144 (base 5) to base 9
114800
8088 (base 10) to base 16
1f98
Convert 1330 (base 8) to base 16.
2d8
What is 11100 (base 12) in base 8?
54120
What is 368 (base 12) in base 3?
200222
Convert -2057 (base 8) to base 2.
-10000101111
What is -83c (base 14) in base 3?
-2020002
What is 1145 (base 15) in base 16?
e51
Convert -5312 (base 7) to base 12.
-10bb
What is -5075 (base 8) in base 3?
-10121002
Convert -20100 (base 4) to base 11.
-440
-42 (base 6) to base 16
-1a
1065 (base 8) to base 13
346
-4170 (base 8) to base 4
-201320
Convert 110100100 (base 2) to base 5.
3140
What is -10013 (base 4) in base 13?
-173
Convert 521 (base 10) to base 6.
2225
Convert -1084 (base 11) to base 10.
-1423
Convert 675 (base 8) to base 5.
3240
Convert 31212 (base 4) to base 11.
721
What is -103130 (base 5) in base 15?
-10b0
Convert 12321 (base 4) to base 13.
27c
What is c6c2 